{"id":15,"date":"2026-01-06T17:45:05","date_gmt":"2026-01-06T17:45:05","guid":{"rendered":"https:\/\/lesmiroitiersdesainttropez.com\/?page_id=15"},"modified":"2026-01-10T21:07:57","modified_gmt":"2026-01-10T21:07:57","slug":"accueil","status":"publish","type":"page","link":"https:\/\/lesmiroitiersdesainttropez.com\/","title":{"rendered":"Accueil"},"content":{"rendered":"\t\t<div data-elementor-type=\"wp-page\" data-elementor-id=\"15\" class=\"elementor elementor-15\">\n\t\t\t\t<div class=\"elementor-element elementor-element-20bd12e e-con-full e-flex e-con e-parent\" data-id=\"20bd12e\" data-element_type=\"container\">\n\t\t<div class=\"elementor-element elementor-element-b0e1616 e-con-full e-flex e-con e-child\" data-id=\"b0e1616\" data-element_type=\"container\">\n\t\t\t\t<div class=\"elementor-element elementor-element-f0835c5 elementor-widget elementor-widget-image\" data-id=\"f0835c5\" data-element_type=\"widget\" data-widget_type=\"image.default\">\n\t\t\t\t\t\t\t\t\t\t\t\t\t\t\t<img fetchpriority=\"high\" decoding=\"async\" width=\"768\" height=\"453\" src=\"https:\/\/lesmiroitiersdesainttropez.com\/wp-content\/uploads\/2026\/01\/86d4ea41-acff-43bc-b11a-a5f9e6e7c6a3-e1768076665726-768x453.webp\" class=\"attachment-medium_large size-medium_large wp-image-201\" alt=\"Miroitier Vitrier\" srcset=\"https:\/\/lesmiroitiersdesainttropez.com\/wp-content\/uploads\/2026\/01\/86d4ea41-acff-43bc-b11a-a5f9e6e7c6a3-e1768076665726-768x453.webp 768w, https:\/\/lesmiroitiersdesainttropez.com\/wp-content\/uploads\/2026\/01\/86d4ea41-acff-43bc-b11a-a5f9e6e7c6a3-e1768076665726-300x177.webp 300w, https:\/\/lesmiroitiersdesainttropez.com\/wp-content\/uploads\/2026\/01\/86d4ea41-acff-43bc-b11a-a5f9e6e7c6a3-e1768076665726-1024x604.webp 1024w, https:\/\/lesmiroitiersdesainttropez.com\/wp-content\/uploads\/2026\/01\/86d4ea41-acff-43bc-b11a-a5f9e6e7c6a3-e1768076665726-1536x907.webp 1536w, https:\/\/lesmiroitiersdesainttropez.com\/wp-content\/uploads\/2026\/01\/86d4ea41-acff-43bc-b11a-a5f9e6e7c6a3-e1768076665726.webp 1728w\" sizes=\"(max-width: 768px) 100vw, 768px\" \/>\t\t\t\t\t\t\t\t\t\t\t\t\t\t\t<\/div>\n\t\t\t\t<\/div>\n\t\t\t\t<\/div>\n\t\t<div class=\"elementor-element elementor-element-de7bfda e-con-full e-flex e-con e-parent\" data-id=\"de7bfda\" data-element_type=\"container\">\n\t\t\t\t<div class=\"elementor-element elementor-element-4d4b050 elementor-widget elementor-widget-image\" data-id=\"4d4b050\" data-element_type=\"widget\" data-widget_type=\"image.default\">\n\t\t\t\t\t\t\t\t\t\t\t\t\t\t\t<img decoding=\"async\" width=\"562\" height=\"316\" src=\"https:\/\/lesmiroitiersdesainttropez.com\/wp-content\/uploads\/2026\/01\/LOGO_LMST_DEF-FOND-OR-BLC-2.webp\" class=\"attachment-large size-large wp-image-191\" alt=\"JML Services LES MIROITIERS DE SAINT TROPEZ\" srcset=\"https:\/\/lesmiroitiersdesainttropez.com\/wp-content\/uploads\/2026\/01\/LOGO_LMST_DEF-FOND-OR-BLC-2.webp 562w, https:\/\/lesmiroitiersdesainttropez.com\/wp-content\/uploads\/2026\/01\/LOGO_LMST_DEF-FOND-OR-BLC-2-300x169.webp 300w\" sizes=\"(max-width: 562px) 100vw, 562px\" \/>\t\t\t\t\t\t\t\t\t\t\t\t\t\t\t<\/div>\n\t\t\t\t<\/div>\n\t\t<div class=\"elementor-element elementor-element-07ef203 e-con-full e-flex e-con e-parent\" data-id=\"07ef203\" data-element_type=\"container\">\n\t\t\t\t<div class=\"elementor-element elementor-element-1c99e33 elementor-widget elementor-widget-text-editor\" data-id=\"1c99e33\" data-element_type=\"widget\" data-widget_type=\"text-editor.default\">\n\t\t\t\t\t\t\t\t\t<p><strong>L&rsquo;alliance des savoirs-faire verriers depuis plus de 50 ans<\/strong><\/p>\t\t\t\t\t\t\t\t<\/div>\n\t\t\t\t<\/div>\n\t\t<div class=\"elementor-element elementor-element-0845ea2 e-flex e-con-boxed e-con e-parent\" data-id=\"0845ea2\" data-element_type=\"container\">\n\t\t\t\t\t<div class=\"e-con-inner\">\n\t\t\t\t<div class=\"elementor-element elementor-element-86fe3aa elementor-widget elementor-widget-text-editor\" data-id=\"86fe3aa\" data-element_type=\"widget\" data-widget_type=\"text-editor.default\">\n\t\t\t\t\t\t\t\t\t<p>Miroiterie et verrerie sur mesure pour des projets r\u00e9sidentiels et professionnels exigeants, dans le Golfe de Saint-Tropez<\/p>\t\t\t\t\t\t\t\t<\/div>\n\t\t\t\t\t<\/div>\n\t\t\t\t<\/div>\n\t\t<div class=\"elementor-element elementor-element-5c4bceb e-flex e-con-boxed e-con e-parent\" data-id=\"5c4bceb\" data-element_type=\"container\">\n\t\t\t\t\t<div class=\"e-con-inner\">\n\t\t\t\t<div class=\"elementor-element elementor-element-9e06629 elementor-align-center elementor-widget elementor-widget-button\" data-id=\"9e06629\" data-element_type=\"widget\" data-widget_type=\"button.default\">\n\t\t\t\t\t\t\t\t\t\t<a class=\"elementor-button elementor-button-link elementor-size-sm\" href=\"#\">\n\t\t\t\t\t\t<span class=\"elementor-button-content-wrapper\">\n\t\t\t\t\t\t\t\t\t<span class=\"elementor-button-text\">Demander un devis<\/span>\n\t\t\t\t\t<\/span>\n\t\t\t\t\t<\/a>\n\t\t\t\t\t\t\t\t<\/div>\n\t\t\t\t\t<\/div>\n\t\t\t\t<\/div>\n\t\t<div class=\"elementor-element elementor-element-b9f2514 e-flex e-con-boxed e-con e-parent\" data-id=\"b9f2514\" data-element_type=\"container\">\n\t\t\t\t\t<div class=\"e-con-inner\">\n\t\t\t\t<div class=\"elementor-element elementor-element-0710adf elementor-widget elementor-widget-heading\" data-id=\"0710adf\" data-element_type=\"widget\" data-widget_type=\"heading.default\">\n\t\t\t\t\t<h2 class=\"elementor-heading-title elementor-size-default\">NOTRE SAVOIR-FAIRE<\/h2>\t\t\t\t<\/div>\n\t\t\t\t\t<\/div>\n\t\t\t\t<\/div>\n\t\t<div class=\"elementor-element elementor-element-aba6810 e-flex e-con-boxed e-con e-parent\" data-id=\"aba6810\" data-element_type=\"container\">\n\t\t\t\t\t<div class=\"e-con-inner\">\n\t\t\t\t<div class=\"elementor-element elementor-element-d2d5fc9 elementor-widget elementor-widget-text-editor\" data-id=\"d2d5fc9\" data-element_type=\"widget\" data-widget_type=\"text-editor.default\">\n\t\t\t\t\t\t\t\t\t<p>Depuis plus de 50 ans, La Miroiterie perp\u00e9tue un savoir-faire artisanal d\u2019excellence dans la miroiterie et la verrerie sur mesure.<\/p><p>Nous concevons, fabriquons et installons des ouvrages en verre et en miroir pour des projets r\u00e9sidentiels et professionnels haut de gamme, en tenant compte des usages, des contraintes techniques et de l\u2019esth\u00e9tique des lieux.<\/p><p>Chaque r\u00e9alisation est pens\u00e9e avec pr\u00e9cision et exigence, dans le respect du d\u00e9tail, des finitions et de la durabilit\u00e9.<\/p>\t\t\t\t\t\t\t\t<\/div>\n\t\t\t\t\t<\/div>\n\t\t\t\t<\/div>\n\t\t<div class=\"elementor-element elementor-element-34b5bf6 e-flex e-con-boxed e-con e-parent\" data-id=\"34b5bf6\" data-element_type=\"container\">\n\t\t\t\t\t<div class=\"e-con-inner\">\n\t\t\t\t<div class=\"elementor-element elementor-element-d7bcacb elementor-widget elementor-widget-heading\" data-id=\"d7bcacb\" data-element_type=\"widget\" data-widget_type=\"heading.default\">\n\t\t\t\t\t<h2 class=\"elementor-heading-title elementor-size-default\">NOS PRESTATIONS<\/h2>\t\t\t\t<\/div>\n\t\t\t\t\t<\/div>\n\t\t\t\t<\/div>\n\t\t<div class=\"elementor-element elementor-element-b71acea e-flex e-con-boxed e-con e-parent\" data-id=\"b71acea\" data-element_type=\"container\">\n\t\t\t\t\t<div class=\"e-con-inner\">\n\t\t\t\t<div class=\"elementor-element elementor-element-36e3d75 elementor-arrows-position-inside elementor-pagination-position-outside elementor-widget elementor-widget-image-carousel\" data-id=\"36e3d75\" data-element_type=\"widget\" data-settings=\"{&quot;slides_to_show&quot;:&quot;4&quot;,&quot;navigation&quot;:&quot;both&quot;,&quot;autoplay&quot;:&quot;yes&quot;,&quot;pause_on_hover&quot;:&quot;yes&quot;,&quot;pause_on_interaction&quot;:&quot;yes&quot;,&quot;autoplay_speed&quot;:5000,&quot;infinite&quot;:&quot;yes&quot;,&quot;speed&quot;:500}\" data-widget_type=\"image-carousel.default\">\n\t\t\t\t\t\t\t<div class=\"elementor-image-carousel-wrapper swiper\" role=\"region\" aria-roledescription=\"carousel\" aria-label=\"Carrousel d\u2019images\" dir=\"ltr\">\n\t\t\t<div class=\"elementor-image-carousel swiper-wrapper\" aria-live=\"off\">\n\t\t\t\t\t\t\t\t<div class=\"swiper-slide\" role=\"group\" aria-roledescription=\"slide\" aria-label=\"1 sur 4\"><figure class=\"swiper-slide-inner\"><img decoding=\"async\" class=\"swiper-slide-image\" src=\"https:\/\/lesmiroitiersdesainttropez.com\/wp-content\/uploads\/2026\/01\/12-mme-03-225x300.webp\" alt=\"Miroir r\u00e9tro \u00e9clair\u00e9 Saint-Tropez\" \/><figcaption class=\"elementor-image-carousel-caption\">Miroir r\u00e9tro \u00e9clair\u00e9<\/figcaption><\/figure><\/div><div class=\"swiper-slide\" role=\"group\" aria-roledescription=\"slide\" aria-label=\"2 sur 4\"><figure class=\"swiper-slide-inner\"><img decoding=\"async\" class=\"swiper-slide-image\" src=\"https:\/\/lesmiroitiersdesainttropez.com\/wp-content\/uploads\/2026\/01\/10-Wal-SDB-01-225x300.webp\" alt=\"Paroi de douche Sainte-Maxime\" \/><figcaption class=\"elementor-image-carousel-caption\">Paroi de Douche<\/figcaption><\/figure><\/div><div class=\"swiper-slide\" role=\"group\" aria-roledescription=\"slide\" aria-label=\"3 sur 4\"><figure class=\"swiper-slide-inner\"><img decoding=\"async\" class=\"swiper-slide-image\" src=\"https:\/\/lesmiroitiersdesainttropez.com\/wp-content\/uploads\/2026\/01\/Capture-decran-2025-01-09-a-11.45.26-200x300.webp\" alt=\"Cloison verri\u00e8re \u00e0 Grimaud\" \/><figcaption class=\"elementor-image-carousel-caption\">Cloison - Verri\u00e8re<\/figcaption><\/figure><\/div><div class=\"swiper-slide\" role=\"group\" aria-roledescription=\"slide\" aria-label=\"4 sur 4\"><figure class=\"swiper-slide-inner\"><img decoding=\"async\" class=\"swiper-slide-image\" src=\"https:\/\/lesmiroitiersdesainttropez.com\/wp-content\/uploads\/2026\/01\/IMG_2601-1-225x300.webp\" alt=\"Garde-corps en verre ramatuelle\" \/><figcaption class=\"elementor-image-carousel-caption\">Garde-corps<\/figcaption><\/figure><\/div>\t\t\t<\/div>\n\t\t\t\t\t\t\t\t\t\t\t\t<div class=\"elementor-swiper-button elementor-swiper-button-prev\" role=\"button\" tabindex=\"0\">\n\t\t\t\t\t\t<svg aria-hidden=\"true\" class=\"e-font-icon-svg e-eicon-chevron-left\" viewBox=\"0 0 1000 1000\" xmlns=\"http:\/\/www.w3.org\/2000\/svg\"><path d=\"M646 125C629 125 613 133 604 142L308 442C296 454 292 471 292 487 292 504 296 521 308 533L604 854C617 867 629 875 646 875 663 875 679 871 692 858 704 846 713 829 713 812 713 796 708 779 692 767L438 487 692 225C700 217 708 204 708 187 708 171 704 154 692 142 675 129 663 125 646 125Z\"><\/path><\/svg>\t\t\t\t\t<\/div>\n\t\t\t\t\t<div class=\"elementor-swiper-button elementor-swiper-button-next\" role=\"button\" tabindex=\"0\">\n\t\t\t\t\t\t<svg aria-hidden=\"true\" class=\"e-font-icon-svg e-eicon-chevron-right\" viewBox=\"0 0 1000 1000\" xmlns=\"http:\/\/www.w3.org\/2000\/svg\"><path d=\"M696 533C708 521 713 504 713 487 713 471 708 454 696 446L400 146C388 133 375 125 354 125 338 125 325 129 313 142 300 154 292 171 292 187 292 204 296 221 308 233L563 492 304 771C292 783 288 800 288 817 288 833 296 850 308 863 321 871 338 875 354 875 371 875 388 867 400 854L696 533Z\"><\/path><\/svg>\t\t\t\t\t<\/div>\n\t\t\t\t\n\t\t\t\t\t\t\t\t\t<div class=\"swiper-pagination\"><\/div>\n\t\t\t\t\t\t\t\t\t<\/div>\n\t\t\t\t\t\t<\/div>\n\t\t\t\t\t<\/div>\n\t\t\t\t<\/div>\n\t\t<div class=\"elementor-element elementor-element-a0299df e-con-full e-flex e-con e-parent\" data-id=\"a0299df\" data-element_type=\"container\">\n\t\t<div class=\"elementor-element elementor-element-4e9bc3e e-con-full e-flex e-con e-child\" data-id=\"4e9bc3e\" data-element_type=\"container\">\n\t\t\t\t<div class=\"elementor-element elementor-element-11c72a8 elementor-widget elementor-widget-heading\" data-id=\"11c72a8\" data-element_type=\"widget\" data-widget_type=\"heading.default\">\n\t\t\t\t\t<h2 class=\"elementor-heading-title elementor-size-default\">Parois de douche<\/h2>\t\t\t\t<\/div>\n\t\t\t\t<div class=\"elementor-element elementor-element-172fdbe elementor-widget elementor-widget-text-editor\" data-id=\"172fdbe\" data-element_type=\"widget\" data-widget_type=\"text-editor.default\">\n\t\t\t\t\t\t\t\t\t<p>Verre tremp\u00e9, d\u00e9coupes sur mesure, et solutions pens\u00e9es pour la long\u00e9vit\u00e9 et l\u2019esth\u00e9tique.<\/p>\t\t\t\t\t\t\t\t<\/div>\n\t\t\t\t<div class=\"elementor-element elementor-element-ff63ac1 elementor-widget elementor-widget-heading\" data-id=\"ff63ac1\" data-element_type=\"widget\" data-widget_type=\"heading.default\">\n\t\t\t\t\t<h2 class=\"elementor-heading-title elementor-size-default\">Miroir<\/h2>\t\t\t\t<\/div>\n\t\t\t\t<div class=\"elementor-element elementor-element-da9bb9b elementor-widget elementor-widget-text-editor\" data-id=\"da9bb9b\" data-element_type=\"widget\" data-widget_type=\"text-editor.default\">\n\t\t\t\t\t\t\t\t\t<p>Miroirs classiques, grands formats ou d\u00e9coratifs, adapt\u00e9s aux lieux et aux usages \u2014 d\u00e9coup\u00e9s, polis et int\u00e9gr\u00e9s avec pr\u00e9cision.<\/p>\t\t\t\t\t\t\t\t<\/div>\n\t\t\t\t<div class=\"elementor-element elementor-element-3f244bf elementor-widget elementor-widget-heading\" data-id=\"3f244bf\" data-element_type=\"widget\" data-widget_type=\"heading.default\">\n\t\t\t\t\t<h2 class=\"elementor-heading-title elementor-size-default\">Ouvrages verriers sp\u00e9cifiques<\/h2>\t\t\t\t<\/div>\n\t\t\t\t<div class=\"elementor-element elementor-element-fb0a308 elementor-widget elementor-widget-text-editor\" data-id=\"fb0a308\" data-element_type=\"widget\" data-widget_type=\"text-editor.default\">\n\t\t\t\t\t\t\t\t\t<p>Cr\u00e9dences en verre, vitrages int\u00e9rieurs, cloisons, garde-corps, dalle de sol \u2014 chaque solution est \u00e9tudi\u00e9e techniquement et visuellement pour s\u2019int\u00e9grer parfaitement<\/p>\t\t\t\t\t\t\t\t<\/div>\n\t\t\t\t<div class=\"elementor-element elementor-element-80100d1 elementor-widget elementor-widget-heading\" data-id=\"80100d1\" data-element_type=\"widget\" data-widget_type=\"heading.default\">\n\t\t\t\t\t<h2 class=\"elementor-heading-title elementor-size-default\"><span data-start=\"2036\" data-end=\"2056\" style=\"white-space: normal\">Pose &amp; finitions<\/span><\/h2>\t\t\t\t<\/div>\n\t\t\t\t<div class=\"elementor-element elementor-element-c23f751 elementor-widget elementor-widget-text-editor\" data-id=\"c23f751\" data-element_type=\"widget\" data-widget_type=\"text-editor.default\">\n\t\t\t\t\t\t\t\t\t<p>La diff\u00e9rence se fait dans les d\u00e9tails : alignements, joints, protections de chantier et finitions irr\u00e9prochables.<\/p>\t\t\t\t\t\t\t\t<\/div>\n\t\t\t\t<\/div>\n\t\t\t\t<div class=\"elementor-element elementor-element-ae35aea elementor-align-center elementor-widget elementor-widget-button\" data-id=\"ae35aea\" data-element_type=\"widget\" data-widget_type=\"button.default\">\n\t\t\t\t\t\t\t\t\t\t<a class=\"elementor-button elementor-button-link elementor-size-sm\" href=\"\/index.php\/realisations\">\n\t\t\t\t\t\t<span class=\"elementor-button-content-wrapper\">\n\t\t\t\t\t\t\t\t\t<span class=\"elementor-button-text\">Voir nos r\u00e9alisations<\/span>\n\t\t\t\t\t<\/span>\n\t\t\t\t\t<\/a>\n\t\t\t\t\t\t\t\t<\/div>\n\t\t\t\t<\/div>\n\t\t<div class=\"elementor-element elementor-element-1486034 e-flex e-con-boxed e-con e-parent\" data-id=\"1486034\" data-element_type=\"container\">\n\t\t\t\t\t<div class=\"e-con-inner\">\n\t\t\t\t<div class=\"elementor-element elementor-element-86c6d5b elementor-widget elementor-widget-heading\" data-id=\"86c6d5b\" data-element_type=\"widget\" data-widget_type=\"heading.default\">\n\t\t\t\t\t<h2 class=\"elementor-heading-title elementor-size-default\">ZONE D'INTERVENTION<\/h2>\t\t\t\t<\/div>\n\t\t\t\t<div class=\"elementor-element elementor-element-15af9bd elementor-widget elementor-widget-text-editor\" data-id=\"15af9bd\" data-element_type=\"widget\" data-widget_type=\"text-editor.default\">\n\t\t\t\t\t\t\t\t\t<p>Nous intervenons dans tout le <strong data-start=\"3488\" data-end=\"3513\">Golfe de Saint-Tropez<\/strong> et ses environs, notamment :<br \/>Saint-Tropez, Ramatuelle, Gassin, Grimaud, Sainte-Maxime, Cogolin, La Croix-Valmer et les communes voisines.<\/p>\t\t\t\t\t\t\t\t<\/div>\n\t\t\t\t\t<\/div>\n\t\t\t\t<\/div>\n\t\t<div class=\"elementor-element elementor-element-a5bd579 e-flex e-con-boxed e-con e-parent\" data-id=\"a5bd579\" data-element_type=\"container\">\n\t\t\t\t\t<div class=\"e-con-inner\">\n\t\t<div class=\"elementor-element elementor-element-39b2357 e-con-full e-flex e-con e-child\" data-id=\"39b2357\" data-element_type=\"container\">\n\t\t\t\t<div class=\"elementor-element elementor-element-676e1cc elementor-widget elementor-widget-heading\" data-id=\"676e1cc\" data-element_type=\"widget\" data-widget_type=\"heading.default\">\n\t\t\t\t\t<h2 class=\"elementor-heading-title elementor-size-default\">Un Projet ? Parlons-en. <\/h2>\t\t\t\t<\/div>\n\t\t\t\t<div class=\"elementor-element elementor-element-8d865b1 elementor-widget elementor-widget-text-editor\" data-id=\"8d865b1\" data-element_type=\"widget\" data-widget_type=\"text-editor.default\">\n\t\t\t\t\t\t\t\t\t<p><em>D\u00e9crivez bri\u00e8vement votre besoin, pr\u00e9cisez le type de r\u00e9alisation et, si possible, joignez quelques photos ou dimensions approximatives.<\/em><br data-start=\"3947\" data-end=\"3950\" \/><em>Nous vous recontactons rapidement pour \u00e9changer sur votre projet et vous proposer une solution sur mesure.<\/em><\/p>\t\t\t\t\t\t\t\t<\/div>\n\t\t\t\t<div class=\"elementor-element elementor-element-ca7113e elementor-align-center elementor-widget elementor-widget-button\" data-id=\"ca7113e\" data-element_type=\"widget\" data-widget_type=\"button.default\">\n\t\t\t\t\t\t\t\t\t\t<a class=\"elementor-button elementor-button-link elementor-size-sm\" href=\"#\">\n\t\t\t\t\t\t<span class=\"elementor-button-content-wrapper\">\n\t\t\t\t\t\t\t\t\t<span class=\"elementor-button-text\">Nous contacter <\/span>\n\t\t\t\t\t<\/span>\n\t\t\t\t\t<\/a>\n\t\t\t\t\t\t\t\t<\/div>\n\t\t\t\t<div class=\"elementor-element elementor-element-a84e8ce elementor-widget elementor-widget-heading\" data-id=\"a84e8ce\" data-element_type=\"widget\" data-widget_type=\"heading.default\">\n\t\t\t\t\t<h2 class=\"elementor-heading-title elementor-size-default\">JML Services - LES MIROITIERS DE SAINT TROPEZ<\/h2>\t\t\t\t<\/div>\n\t\t\t\t<\/div>\n\t\t\t\t<div class=\"elementor-element elementor-element-ebd607f elementor-widget elementor-widget-text-editor\" data-id=\"ebd607f\" data-element_type=\"widget\" data-widget_type=\"text-editor.default\">\n\t\t\t\t\t\t\t\t\t<p>470 Avenue de l&rsquo;h\u00e9liport<\/p><p>83310 GRIMAUD<\/p><p>06 15 44 79 07<\/p><p>contact@jml-services.com<\/p>\t\t\t\t\t\t\t\t<\/div>\n\t\t\t\t\t<\/div>\n\t\t\t\t<\/div>\n\t\t<div class=\"elementor-element elementor-element-6b720c40 e-con-full e-flex e-con e-parent\" data-id=\"6b720c40\" data-element_type=\"container\" data-settings=\"{&quot;background_background&quot;:&quot;classic&quot;}\">\n\t\t\t\t<div class=\"elementor-element elementor-element-4848fd6 elementor-widget elementor-widget-heading\" data-id=\"4848fd6\" data-element_type=\"widget\" data-widget_type=\"heading.default\">\n\t\t\t\t\t<h1 class=\"elementor-heading-title elementor-size-default\">\u00a9 2026 Les Miroitiers de Saint-Tropez \u2014 Tous droits r\u00e9serv\u00e9s<\/h1>\t\t\t\t<\/div>\n\t\t\t\t<\/div>\n\t\t<div class=\"elementor-element elementor-element-28299f7 e-flex e-con-boxed e-con e-parent\" data-id=\"28299f7\" data-element_type=\"container\">\n\t\t\t\t\t<div class=\"e-con-inner\">\n\t\t\t\t\t<\/div>\n\t\t\t\t<\/div>\n\t\t<div class=\"elementor-element elementor-element-41fddf4 e-flex e-con-boxed e-con e-parent\" data-id=\"41fddf4\" data-element_type=\"container\">\n\t\t\t\t\t<div class=\"e-con-inner\">\n\t\t\t\t\t<\/div>\n\t\t\t\t<\/div>\n\t\t\t\t<\/div>\n\t\t","protected":false},"excerpt":{"rendered":"<p>L&rsquo;alliance des savoirs-faire verriers depuis plus de 50 ans Miroiterie et verrerie sur mesure pour des projets r\u00e9sidentiels et professionnels exigeants, dans le Golfe de Saint-Tropez Demander un devis NOTRE SAVOIR-FAIRE Depuis plus de 50 ans, La Miroiterie perp\u00e9tue un savoir-faire artisanal d\u2019excellence dans la miroiterie et la verrerie sur mesure. Nous concevons, fabriquons et [&hellip;]<\/p>\n","protected":false},"author":1,"featured_media":0,"parent":0,"menu_order":1,"comment_status":"closed","ping_status":"closed","template":"","meta":{"footnotes":""},"class_list":["post-15","page","type-page","status-publish","hentry"],"_links":{"self":[{"href":"https:\/\/lesmiroitiersdesainttropez.com\/index.php\/wp-json\/wp\/v2\/pages\/15","targetHints":{"allow":["GET"]}}],"collection":[{"href":"https:\/\/lesmiroitiersdesainttropez.com\/index.php\/wp-json\/wp\/v2\/pages"}],"about":[{"href":"https:\/\/lesmiroitiersdesainttropez.com\/index.php\/wp-json\/wp\/v2\/types\/page"}],"author":[{"embeddable":true,"href":"https:\/\/lesmiroitiersdesainttropez.com\/index.php\/wp-json\/wp\/v2\/users\/1"}],"replies":[{"embeddable":true,"href":"https:\/\/lesmiroitiersdesainttropez.com\/index.php\/wp-json\/wp\/v2\/comments?post=15"}],"version-history":[{"count":218,"href":"https:\/\/lesmiroitiersdesainttropez.com\/index.php\/wp-json\/wp\/v2\/pages\/15\/revisions"}],"predecessor-version":[{"id":390,"href":"https:\/\/lesmiroitiersdesainttropez.com\/index.php\/wp-json\/wp\/v2\/pages\/15\/revisions\/390"}],"wp:attachment":[{"href":"https:\/\/lesmiroitiersdesainttropez.com\/index.php\/wp-json\/wp\/v2\/media?parent=15"}],"curies":[{"name":"wp","href":"https:\/\/api.w.org\/{rel}","templated":true}]}}